e j + i*j = 10. What are the prime factors of j?
2
Suppose 82140 = 47*r - 17*r. List the prime factors of r.
2, 37
What are the prime factors of 3463 + (8 + -10 - 4)?
3457
Suppose -4*x + 2*x = 5*i - 143, -147 = -5*i - 3*x. Let j = i + -17. Suppose -3*r + j = 2*r. List the prime factors of r.
2
Let q(j) = -j**3 + 5*j**2 - 6. Let x = 14 - 10. Let d = -1 + x. What are the prime factors of q(d)?
2, 3
Suppose r + 10 = 3. Let a = r - -55. What are the prime factors of a?
2, 3
Let r be (3/(-12)*0)/(-1). Suppose r = 5*l - l - 164. List the prime factors of l.
41
Suppose 0 = 3*a - a - 36. What are the prime factors of (a/(-4) - -4)*-74?
37
Suppose 46*d - 85604 = 108240. What are the prime factors of d?
2, 7, 43
Let j = 1 + 1. Suppose -x - 1 = 0, 7*z - 6*z + 2*x + 2 = 0. Suppose z*v = -3*v + 3*y + 3, 3*y = 2*v + j. List the prime factors of v.
5
Let g(y) = -4*y**3 + 13*y**2 - 10*y + 2. Let s(a) = 3*a**3 - 9*a**2 + 7*a - 1. Let i(m) = 5*g(m) + 7*s(m). List the prime factors of i(3).
3, 5
Suppose 2890 = -13*v + 29969. What are the prime factors of v?
2083
Suppose y + 473 = t - 529, -5*y = -4*t + 4004. List the prime factors of t.
2, 503
Let h = 289 - -172. Suppose 4*u = 5*p - 1217, 5*p - u = h + 747. List the prime factors of p.
241
Let h(c) = 8*c**2 + 2*c - 1. Let k be h(-2). Let x = k + -48. List the prime factors of (x/(-14))/((-3)/(-112)).
2, 7
Let l = 12 + -9. Let c be 1/l + 215/3. Suppose 0 = -5*x + c - 7. List the prime factors of x.
13
What are the prime factors of ((-15)/((-165)/1012))/(4/82)?
2, 23, 41
Suppose 9*x + 11440 = -x. What are the prime factors of x/(-10) + 10/(-25)?
2, 3, 19
What are the prime factors of -3*495/(-5) + -5?
2, 73
Suppose -19 = 5*b + 6, 2*z = 4*b + 3950. List the prime factors of z.
3, 5, 131
Suppose r = 5*r - 356. Suppose 2*g + 5*b = r, -4*b - 7 = -g + 18. Let a = g - 30. What are the prime factors of a?
7
List the prime factors of 1/(-4) - (78155/20)/(-11).
5, 71
Suppose -2*n = u - 10158, 4*n + 7*u = 8*u + 20322. List the prime factors of n.
2, 5, 127
Let q = -679 + 1570. List the prime factors of q.
3, 11
Suppose 2*y + 4 = 0, -4*y - 1550 = b - 6480. What are the prime factors of b?
2, 3, 823
Let y(h) = 3*h**3 - 2*h**2 + 3*h - 2. Suppose -2*c + 0 = 2, -29 = -4*r + c. Suppose -6*k + 22 = -k + 4*d, -d + r = 2*k. What are the prime factors of y(k)?
2, 5
Let c = -13 - -17. Suppose r - 244 = -3*g, 6*r = 3*r - c*g + 712. List the prime factors of r.
2, 29
Let t = 27 - 23. Let f be t - (-5)/(20/(-4)). Suppose -f*n = -5*n + 68. What are the prime factors of n?
2, 17
Suppose -w + 6*w = 25. Suppose 2*d = -q - 7 + 34, -w*q = -25. What are the prime factors of d?
11
Suppose -2*d - 320 = -4*p, -d - 378 = -5*p - 4*d. Suppose -p = -5*w + 272. What are the prime factors of w?
2, 5, 7
Let d(s) be the third derivative of -s**4/24 + s**3/2 - 2*s**2. Let t be d(-2). Suppose 4*q = -0*q + 8, -2*n = t*q - 104. What are the prime factors of n?
47
Let q(i) = 3*i**2 + 11*i + 14. Let r be q(-6). Suppose 4 = w - r. What are the prime factors of w?
2, 3, 5
Let x = -21 - -28. Let o(w) = -w**2 + 9*w - 7. Let j be o(x). Suppose -2*g = 4*u - j*g - 96, -4*u - 4*g = -132. What are the prime factors of u?
29
Suppose -4 - 5 = 3*h. Let f = 6 + h. List the prime factors of f.
3
Suppose 5*m = -5*w + 7075, 3*m + 4*w - 4249 = 3*w. List the prime factors of m.
13, 109
Let f = 255 + -221. What are the prime factors of f?
2, 17
Let y be (-8 + 8)/(1/1). Suppose y*z = -4*z + 308. List the prime factors of z.
7, 11
Let k = -566 + 1314. List the prime factors of k.
2, 11, 17
Let x = 376 + -88. List the prime factors of x.
2, 3
Let s(o) = 80*o - 226. List the prime factors of s(4).
2, 47
What are the prime factors of 0*((-52)/(-8) + -6) - -179?
179
List the prime factors of (6/8*-6)/((-10)/2460).
3, 41
Let a = 382 - -441. What are the prime factors of a?
823
Let z be 35 + -2*(2 + -3). Let w = z - 26. List the prime factors of w.
11
Suppose -5*u - 3*c - 8023 = 762, -5*u - c = 8795. What are the prime factors of 1/(-5)*2 + u/(-25)?
2, 5, 7
Suppose 5*l - 1369 - 1806 = 0. List the prime factors of l/(-15)*-3*1/1.
127
Suppose 19 = o + 3*t, -5*o + 43 = -0*t + 2*t. Let r(a) = 2*a**2 - 57*a - 146. Let s be r(35). Suppose s - 862 = -o*l. What are the prime factors of l?
79
Let a be ((-24)/14)/((-34)/119). Let j be (1 - 9/a)*-6. Suppose j*v - 168 = -3*h - h, h = -v + 57. List the prime factors of v.
2, 3, 5
Let t = -229 - -554. List the prime factors of t.
5, 13
Let v = 587 - 853. Let m = 692 + v. Suppose 4*y = -2*y + m. What are the prime factors of y?
71
Suppose -3*c - 45 = -3*s, 0*s - 4*s + 3*c = -61. Let g = -11 + s. Suppose -4*t = 5*m - 188 + 32, -g*t + 20 = 0. What are the prime factors of m?
2, 7
Suppose 0 = 5*d - 25, d - 2*d - 23 = -2*x. Suppose -7*o = -x - 7. Suppose -o*b - 192 = -3*l, 5*b + 0*b = -4*l + 301. What are the prime factors of l?
3, 23
Suppose 0 = 3*y + 2*y - 10, a - 5*y + 5 = 0. Suppose a*h + 25 = 175. Suppose -s + h = 4*s. What are the prime factors of s?
2, 3
Let u be 0/((-2)/(-7)*7/2). Let c be 60*((-7)/(-2) + -1). Suppose u = 5*t - 0*t - c. What are the prime factors of t?
2, 3, 5
Let f = 2201 + -1402. What are the prime factors of f?
17, 47
Let y(f) = 33*f - 7. Let z be (-6)/45 - (-7)/((-105)/(-32)). List the prime factors of y(z).
59
Let w be 80/32*(-8)/(-10). Let j(q) = -3*q**w + 5*q**2 - 4*q + 9*q - 1. List the prime factors of j(-7).
2, 31
Suppose 43*o + 2799 = 12861. What are the prime factors of o?
2, 3, 13
Let n be 8 + (8/4 - 6). Suppose 0 = -n*v + 174 + 14. What are the prime factors of v?
47
Let x(i) = i**2 - 16*i + 17. Let b be x(16). Let g(u) = 2*u**2 + 2. Let t be g(5). Let z = t - b. List the prime factors of z.
5, 7
Suppose 3*q - 3*d = 27, -5*q - d + 35 + 34 = 0. Let a(h) = 2*h**2 - 18*h + 6. Let w be a(q). Suppose 2*i = 7*i - w. What are the prime factors of i?
2, 11
Suppose 0 = 3*w + 18 - 63. Suppose c + w = t, 2*t - 37 = 3*c - 11. Let x = 27 - t. List the prime factors of x.
2
Let u be (-6)/(-15) + (-114)/10. Let z(a) = a**2 + 13. Let h(f) = -6*f**2 - 2*f - 65. Let i(g) = -2*h(g) - 11*z(g). What are the prime factors of i(u)?
2
Let w(z) = -z**3 - 11*z**2 + 26*z. Let j be w(-13). Suppose j = -42*m + 37*m + 1260. What are the prime factors of m?
2, 3, 7
Let a(n) = 5*n**3 - 2*n**2. Let v be a(2). Let k = v - -35. What are the prime factors of k?
67
Suppose 2*u = -3*p - 33, 4*u + 30 = -0*p - 2*p. Let g = p + 11. Let f = 9 - g. List the prime factors of f.
7
Suppose 0 = -z + 3, 3*f - z - 4 = 8. Suppose 4*i = -f*g + 115, 0*g = 5*i + 2*g - 165. What are the prime factors of 0/3*-1 + i?
5, 7
Suppose v + 10 = 5*s, -1 - 10 = -2*s - v. What are the prime factors of (-2142)/(-8) - s/4?
3, 89
Suppose -24*r + 22*r = 3*h - 870, 0 = -2*h + 5*r + 580. What are the prime factors of h?
2, 5, 29
What are the prime factors of (-722)/(-2) + (-1 - -1) + -2?
359
Suppose -1222 - 3050 = -2*h. What are the prime factors of h/32 - (-3)/12?
67
Suppose 4*r = -0*y + y - 1, -31 = -3*y - 2*r. What are the prime factors of (2/(-2))/y - 388/(-9)?
43
Let c(z) = 168*z**3 - 4*z**2 + 5*z - 1. List the prime factors of c(1).
2, 3, 7
Suppose 0 = -6*a + 4590 - 1134. What are the prime factors of a?
2, 3
Let h = 47 + -14. Suppose 0 = -j + 5*s + 15, -3*j + s + h = -12. Suppose -p = -2*i - 17, 2*p - 3*i - 16 - j = 0. List the prime factors of p.
11
Suppose 2*s - 24 = 4*k + 60, k = -4*s + 141. Suppose -i + s - 8 = 0. List the prime factors of i.
2, 7
Let g = -632 - -80. List the prime factors of (-6)/((-60)/(-2)) + g/(-10).
5, 11
Suppose -36 = 5*j + j. Let n(q) = -q**3 - 5*q**2 + 8*q + 11. Let u be n(j). List the prime factors of (u + 59 - -2) + -4.
2, 7
Let b be 3/(-5 - -2)*-3. Suppose -5*o - s = -1331, b*s - 1323 = -o - 4*o. List the prime factors of o.
3, 89
Let h(i) = 114*i**2 + 11*i + 29. List the prime factors of h(4).
7, 271
Suppose r = 321 + 398. What are the prime factors of r?
719
Suppose -10 = -4*h + 2. Let m = 9 - 4. Suppose 0 = -m*o + 7 + h. What are the prime factors of o?
2
Let y = 3 + -9. Suppose 4*a + 40 = 4*m, -3*a + 1 = 2*m - 19. Let s = m - y. List the prime factors of s.
2
Suppose 0*m + 333 = -m. What are the prime factors of 4*1/(-2)*m/6?
3, 37
Let z(d) = d**3 + d + 1. Let m(f) = -3*f**3 - 16*f**2 - 12*f + 12. Let s(o) = -m(o) - 2*z(o). What are the pri